72. What is the remainder when p is divided by (-33 - -23)/(12/(-30))?
22
Let t(a) = 2*a**2 - 10*a + 6. Let w be t(6). Let q = w + -8. Suppose 0 = -7*r - 10 + 129. Calculate the remainder when r is divided by q.
7
Let m(o) = 2*o + 40. Let p be m(-17). Suppose p*q - 50 = 70. What is the remainder when 55 is divided by q?
15
Let y = 11 + -25. Let a = 25 + y. Suppose -2*t + 67 = -f, -2*t + 5*f + 111 = t. What is the remainder when t is divided by a?
10
Let g(b) = -b**3 + 10*b**2 - 6*b + 3. Let r be g(9). Suppose 2*j = -4*v + 42, -v + r = 4*v - 2*j. Calculate the remainder when 14 is divided by v.
6
Let h(d) = -d - 3. Let b be h(-7). Let r(n) = -1. Let p(a) = a - 6. Let s(q) = b*p(q) - 20*r(q). Calculate the remainder when s(3) is divided by 3.
2
Let d = -716 + 768. Calculate the remainder when d is divided by 13.
0
Let q = 1622 - 229. Calculate the remainder when q is divided by 15.
13
Let j(s) = -3*s + 20. Let b(v) = -2*v + 10. Let p(t) = 5*b(t) - 3*j(t). What is the remainder when 27 is divided by p(-17)?
6
Let d(v) = v**3 + 5*v**2 - 3*v + 1. Suppose 23 = -5*m + 3. What is the remainder when d(m) is divided by 9?
2
Let g(v) = v**3 + 7*v**2 + 2*v + 5. Let x = 126 - 110. Calculate the remainder when g(-6) is divided by x.
13
Suppose -2*f = -0 - 26. Suppose 2*r - 5 - f = 0. Suppose r = 3*u - 3. What is the remainder when 13 is divided by u?
1
Let v be (5 - 2) + 12 + 5. Suppose -4*k - v = 0, k + 4 = 2*s - 21. Suppose s + 14 = c. What is the remainder when 94 is divided by c?
22
Suppose -4*r - 37 = -5*f, 3*f + 5 = 4*f. Calculate the remainder when ((-2)/5)/(r - (-447)/150) is divided by 16.
4
Let t = -123 - -154. Calculate the remainder when t is divided by -2*2/(-1) - -4.
7
Suppose -3*l - 5*z + 1685 = 0, -l = -2*l - z + 561. Suppose -l = k - 11*k. What is the remainder when 222 is divided by k?
54
Suppose 2*a = 3*r - 8*r + 263, -5*r + 3*a = -243. Let t = -43 + r. What is the remainder when t is divided by 3?
2
Let m(b) = 5*b**2 + 4*b + 2. Calculate the remainder when m(-5) is divided by 14.
9
Suppose -3*i + 7 - 19 = 0. Let l = i + 8. Suppose -24 = -l*v + 8. What is the remainder when v is divided by 5?
3
Calculate the remainder when 116 + -2 + 6 + -2 is divided by (5/3)/(6/108).
28
Suppose -4*u = -u. Suppose -40 = -4*m - u*m. What is the remainder when 39 is divided by m?
9
Let k(z) = 47*z**2 - 4*z + 1. Let h be k(-2). Let t = h + -159. Calculate the remainder when 146 is divided by t.
32
Suppose -84*q - 12 = -88*q. Suppose 7*j - 92 = q*j. What is the remainder when 45 is divided by j?
22
Let c(d) = -2*d**2 + 2*d + 108. Let i be c(0). Let o = 6 + 21. Suppose -5*j = -i - o. Calculate the remainder when 52 is divided by j.
25
Let d(c) = c**3 - 2*c**2 - 6*c + 3. Let m be d(4). Let b = -8 + m. Suppose 17 + b = f. Calculate the remainder when f is divided by 11.
9
Suppose 18*j - 31 = 527. Suppose c + 91 = 2*c. What is the remainder when c is divided by j?
29
Let g(n) = 3*n**2 + 4*n - 22. Calculate the remainder when 138 is divided by g(5).
65
Let b be (-3)/(-9) + (-951)/(-9). Suppose -6*c + 3*c + x = -b, -5*c + 170 = 5*x. Calculate the remainder when c is divided by 6.
5
Let o = -7 + 10. Suppose -q + 4*r - 14 = 0, q = 3*q + o*r - 27. Calculate the remainder when 57 is divided by (-537)/(-18) - (-1)/q.
27
Let i = 46 - 12. Suppose -237*y = -1323 - 336. What is the remainder when i is divided by y?
6
Let c(i) = 26*i - 683. Let z = 101 - 28. What is the remainder when z is divided by c(27)?
16
Let x = 323 + -292. Calculate the remainder when 116 is divided by x.
23
Let p(k) = -4*k + 2. Let n = 11 + 1. Let o be (-18)/(n/4)*1. Calculate the remainder when p(o) is divided by 9.
8
Let s(u) = u**3 - 5*u**2 - 4*u + 8. Calculate the remainder when 27 is divided by s(6).
7
Let v(w) = w**3 + 35*w**2 + 102*w + 3. Calculate the remainder when v(-31) is divided by 69.
64
Let y(x) = -x**2 + 15*x + 130. What is the remainder when 158 is divided by y(21)?
2
Let n(g) = 5 + 1 - 4 - g - 3. Let i(m) = -m + 12. Calculate the remainder when i(-5) is divided by n(-8).
3
Suppose 2 = -w, 11*w + 859 = 3*x + 12*w. What is the remainder when x is divided by 12?
11
Suppose -10*d = -5*d. Calculate the remainder when 70 is divided by 21 + 3 - (-1 + d).
20
Suppose -5*u - 13 = -23. Suppose 8*i = u*i + 390. Calculate the remainder when i is divided by 17.
14
Let j = -513 + 534. Calculate the remainder when 118 is divided by j.
13
Let i(j) = 5*j**2 - 2*j + 1. What is the remainder when 236 is divided by i(2)?
15
Let f = 26 - 21. Suppose -f*n - 133 = -12*n. What is the remainder when n is divided by 5?
4
Suppose 6*h = 2*h + 32. Suppose 0 = 3*b - h*b + 570. Calculate the remainder when b is divided by 29.
27
Let t(n) = 24*n - 1. Let q(o) = o**2 - 5*o + 5. Let p be q(5). Let s = -1078 + 1108. Calculate the remainder when t(p) is divided by s.
29
Calculate the remainder when 232 is divided by (236/10)/(-6 + 288/45).
55
Let y be 2 - (1 - 6/(-3)). Let j be -1 - (4/1 + -30). Calculate the remainder when (4 - (-3)/y)*j is divided by 13.
12
Suppose -4*f - 30 + 126 = 0. Let s be ((-2)/(-4))/(1/6). Suppose 0 = -s*h - 0*h + 210. What is the remainder when h is divided by f?
22
Suppose 0 = 2*t + 8, 83*t + 1092 = j + 85*t. Calculate the remainder when j is divided by 48.
44
Let o = -258 + 297. What is the remainder when o is divided by 12?
3
Suppose -14*r + 3*d = -9*r - 78, -3*r + 3*d = -48. Calculate the remainder when 101 is divided by r.
11
Let l = 24 - -1. Calculate the remainder when l is divided by 10 + 12/(12/4).
11
Let d = 63 + -61. Suppose -3*u + 71 + 0 = -d*j, 5*u = 5*j + 120. Calculate the remainder when u is divided by 8.
7
Suppose -4*o = -3*a + o + 200, 160 = 3*a + 5*o. Calculate the remainder when a is divided by 16.
12
Suppose 0 = -9*i + 13*i + 692. Let p = -115 - i. Calculate the remainder when p is divided by 22.
14
Suppose 32*g = 63*g - 13857. What is the remainder when g is divided by 11?
7
Suppose -20*y = -14*y - 1500. Calculate the remainder when y is divided by 23.
20
Let c(h) = -h**3 + 5*h**2 + 5*h + 8. Let p = 43 - 22. Let i = p - 15. What is the remainder when 4 is divided by c(i)?
0
Suppose -12*l = -16*l + 28. Suppose l*v - 5 = 2*v, 23 = i + 2*v. What is the remainder when 61 is divided by i?
19
Let b(y) = -3*y**2 - 1 + 3*y**2 + 3*y**2 + 3*y. Calculate the remainder when b(3) is divided by (-144)/480 - (-492)/40*1.
11
Let x(s) = -4*s + 71. Calculate the remainder when 168 is divided by x(14).
3
Let y = -213 + 228. Calculate the remainder when y is divided by 7.
1
Let f = -86 - -108. What is the remainder when 68 is divided by f?
2
Suppose -5*b - 2*z = -9, -4*b + 18 = -0*b - 2*z. Suppose 4*r + 48 = y + b*y, 0 = -5*y + r + 52. What is the remainder when 28 is divided by y?
8
Suppose 2*d + 0 - 14 = 0. Let l = 238 + -203. Suppose l = d*s - 2*s. Calculate the remainder when 25 is divided by s.
4
Calculate the remainder when 2/(-16) - 7315/(-280) is divided by 13.
0
Suppose -4*l - 36 - 28 = 0. Let b = -10 - l. What is the remainder when 20 is divided by b?
2
Let f = 0 - 26. Let c = f + -29. Let y = -39 - c. Calculate the remainder when 63 is divided by y.
15
Let o(f) be the first derivative of f**3 + 114*f - 20. Suppose -3*u = -3*n + 6, 5*n = -u + 6 + 4. Calculate the remainder when o(u) is divided by 29.
27
Suppose 2*z + 3*c - 93 = 0, 0 = 3*c - 6 - 3. Let i = z - 15. Calculate the remainder when i is divided by (2 + (-30)/25)*(-75)/(-6).
7
Suppose 4*o = -3*a + 46, -3*a + 60 = -o - 2*o. Suppose -3*v + 6 = -9. Suppose v*p - 26 = x, -4*p = -x - 14 - 7. Calculate the remainder when a is divided by p.
3
Suppose 0 = 3*k - i - 79, -4*k - i + 9 = -87. Let t = -646 - -667. Calculate the remainder when k is divided by t.
4
Suppose -17*t + 14*t + 15 = 0. Suppose 432 = t*n + n. Calculate the remainder when n is divided by 15.
12
Let h = -10 + 15. Suppose 0 = 3*d - 3*o + 28 - 112, o = -4*d + 92. What is the remainder when d is divided by h?
4
Suppose -53 - 69 = -4*z + 2*d, -4*d = 4*z - 104. Let c(m) = -m**2 + 8*m - 7. Calculate the remainder when z is divided by c(6).
4
Suppose 5*d - 3*d = 56. Suppose 4*y + 0*v - 395 = 5*v, -3*y - 4*v = -304. Calculate the remainder when y is divided by d.
16
Suppose 8 = 7*t - 20. Suppose -t*z + 185 = -51. What is the remainder when z is divided by 31?
28
Su